{"id":18,"date":"2026-02-23T21:04:35","date_gmt":"2026-02-23T21:04:35","guid":{"rendered":"http:\/\/imprezyprywatne.pl\/?page_id=18"},"modified":"2026-02-28T23:20:27","modified_gmt":"2026-02-28T23:20:27","slug":"imprezy-okolicznosciowe","status":"publish","type":"page","link":"https:\/\/imprezyprywatne.pl\/index.php\/imprezy-okolicznosciowe\/","title":{"rendered":"Studniowka"},"content":{"rendered":"<div data-colibri-id=\"18-c1\" class=\"style-196 style-local-18-c1 position-relative\">\r\n  <!---->\r\n  <div data-colibri-component=\"section\" data-colibri-id=\"18-c2\" id=\"about\" class=\"h-section h-section-global-spacing d-flex align-items-lg-center align-items-md-center align-items-center style-215 style-local-18-c2 position-relative\">\r\n    <!---->\r\n    <!---->\r\n    <div class=\"h-section-grid-container h-section-boxed-container\">\r\n      <!---->\r\n      <div data-colibri-id=\"18-c3\" class=\"h-row-container gutters-row-lg-2 gutters-row-md-2 gutters-row-2 gutters-row-v-lg-2 gutters-row-v-md-2 gutters-row-v-2 style-216 style-local-18-c3 position-relative\">\r\n        <!---->\r\n        <div class=\"h-row justify-content-lg-center justify-content-md-center justify-content-center align-items-lg-stretch align-items-md-stretch align-items-stretch gutters-col-lg-2 gutters-col-md-2 gutters-col-2 gutters-col-v-lg-2 gutters-col-v-md-2 gutters-col-v-2\">\r\n          <!---->\r\n          <div class=\"h-column h-column-container d-flex h-col-lg-auto h-col-md-auto h-col-auto style-217-outer style-local-18-c4-outer\">\r\n            <div data-colibri-id=\"18-c4\" class=\"d-flex h-flex-basis h-column__inner h-px-lg-2 h-px-md-2 h-px-2 v-inner-lg-2 v-inner-md-2 v-inner-2 style-217 style-local-18-c4 position-relative\">\r\n              <!---->\r\n              <!---->\r\n              <div class=\"w-100 h-y-container h-column__content h-column__v-align flex-basis-100 align-self-lg-center align-self-md-center align-self-center\">\r\n                <!---->\r\n                <div data-colibri-id=\"18-c5\" class=\"h-global-transition-all h-heading style-218 style-local-18-c5 position-relative h-element\">\r\n                  <!---->\r\n                  <div class=\"h-heading__outer style-218 style-local-18-c5\">\r\n                    <!---->\r\n                    <!---->\r\n                    <h5 class=\"\">MUZYKA DOPASOWANA DO IMPREZY<\/h5>\r\n                  <\/div>\r\n                <\/div>\r\n                <div data-colibri-id=\"18-c6\" class=\"h-global-transition-all h-heading style-219 style-local-18-c6 position-relative h-element\">\r\n                  <!---->\r\n                  <div class=\"h-heading__outer style-219 style-local-18-c6\">\r\n                    <!---->\r\n                    <!---->\r\n                    <h2 class=\"\">Ball\r\n                      <br>Absolutoryjny\r\n                      <br>&nbsp;&nbsp;<em style=\"color: rgb(247, 144, 7); font-family: &quot;Playfair Display&quot;;\">Studni\u00f3wka<\/em>\r\n                      <br>Urodziny<\/h2>\r\n                  <\/div>\r\n                <\/div>\r\n                <div data-colibri-id=\"18-c7\" class=\"h-text h-text-component style-220 style-local-18-c7 position-relative h-element\">\r\n                  <!---->\r\n                  <!---->\r\n                  <div class=\"\">\r\n                    <p>Je\u015bli szukasz osoby, kt\u00f3ra sprawi, \u017ce wa\u017cna dla Ciebie impreza \u2013 b\u0119dzie nietuzinkowa i jedyna w swoim rodzaju<\/p>\r\n                  <\/div>\r\n                <\/div>\r\n                <div data-colibri-id=\"18-c8\" class=\"h-x-container style-221 style-local-18-c8 position-relative h-element\">\r\n                  <!---->\r\n                  <div class=\"h-x-container-inner style-dynamic-18-c8-group style-221-spacing style-local-18-c8-spacing\"><span class=\"h-button__outer style-222-outer style-local-18-c9-outer d-inline-flex h-element\"><a h-use-smooth-scroll=\"true\" href=\"\"  data-colibri-id=\"18-c9\" class=\"d-flex w-100 align-items-center h-button justify-content-lg-center justify-content-md-center justify-content-center style-222 style-local-18-c9 position-relative\"><!----><!----> <span>ZAREZERWUJ TERMIN <\/span><\/a>\r\n                    <\/span>\r\n                  <\/div>\r\n                <\/div>\r\n              <\/div>\r\n            <\/div>\r\n          <\/div>\r\n          <div class=\"h-column h-column-container d-flex h-col-lg-auto h-col-md-auto h-col-auto style-223-outer style-local-18-c10-outer\">\r\n            <div data-colibri-id=\"18-c10\" class=\"d-flex h-flex-basis h-column__inner h-px-lg-2 h-px-md-2 h-px-2 v-inner-lg-2 v-inner-md-2 v-inner-2 style-223 style-local-18-c10 position-relative\">\r\n              <!---->\r\n              <!---->\r\n              <div class=\"w-100 h-y-container h-column__content h-column__v-align flex-basis-100 align-self-lg-center align-self-md-center align-self-center\">\r\n                <!---->\r\n                <div data-colibri-id=\"18-c11\" class=\"d-block style-224 style-local-18-c11 position-relative h-element\">\r\n                  <!---->\r\n                  <div class=\"h-image__frame-container-outer\">\r\n                    <div class=\"h-image__frame-container\">\r\n                      <!---->\r\n                      <!---->\r\n                      <img loading=\"lazy\" decoding=\"async\" width=\"2411\" height=\"1151\" src=\"http:\/\/imprezyprywatne.pl\/wp-content\/uploads\/2026\/02\/cropped-20230624_1454031-scaled-1.jpg\" class=\"wp-image-1104 style-224-image style-local-18-c11-image\" alt=\"\" srcset=\"https:\/\/imprezyprywatne.pl\/wp-content\/uploads\/2026\/02\/cropped-20230624_1454031-scaled-1.jpg 2411w, https:\/\/imprezyprywatne.pl\/wp-content\/uploads\/2026\/02\/cropped-20230624_1454031-scaled-1-300x143.jpg 300w, https:\/\/imprezyprywatne.pl\/wp-content\/uploads\/2026\/02\/cropped-20230624_1454031-scaled-1-1024x489.jpg 1024w, https:\/\/imprezyprywatne.pl\/wp-content\/uploads\/2026\/02\/cropped-20230624_1454031-scaled-1-768x367.jpg 768w, https:\/\/imprezyprywatne.pl\/wp-content\/uploads\/2026\/02\/cropped-20230624_1454031-scaled-1-1536x733.jpg 1536w, https:\/\/imprezyprywatne.pl\/wp-content\/uploads\/2026\/02\/cropped-20230624_1454031-scaled-1-2048x978.jpg 2048w\" sizes=\"auto, (max-width: 2411px) 100vw, 2411px\" \/>\r\n                      <div class=\"h-image__frame h-hide-sm style-224-frameImage style-local-18-c11-frameImage\"><\/div>\r\n                    <\/div>\r\n                  <\/div>\r\n                <\/div>\r\n              <\/div>\r\n            <\/div>\r\n          <\/div>\r\n        <\/div>\r\n      <\/div>\r\n    <\/div>\r\n  <\/div>\r\n  <div data-colibri-component=\"section\" data-colibri-id=\"18-c12\" id=\"overlappable\" class=\"h-section h-section-global-spacing d-flex align-items-lg-center align-items-md-center align-items-center style-547 style-local-18-c12 position-relative\">\r\n    <!---->\r\n    <!---->\r\n    <div class=\"h-section-grid-container h-section-boxed-container\">\r\n      <!---->\r\n      <div data-colibri-id=\"18-c13\" class=\"h-row-container gutters-row-lg-2 gutters-row-md-2 gutters-row-0 gutters-row-v-lg-2 gutters-row-v-md-2 gutters-row-v-2 style-557 style-local-18-c13 position-relative\">\r\n        <!---->\r\n        <div class=\"h-row justify-content-lg-center justify-content-md-center justify-content-center align-items-lg-stretch align-items-md-stretch align-items-stretch gutters-col-lg-2 gutters-col-md-2 gutters-col-0 gutters-col-v-lg-2 gutters-col-v-md-2 gutters-col-v-2\">\r\n          <!---->\r\n          <div class=\"h-column h-column-container d-flex h-col-lg-auto h-col-md-auto h-col-auto style-558-outer style-local-18-c14-outer\">\r\n            <div data-colibri-id=\"18-c14\" class=\"d-flex h-flex-basis h-column__inner h-px-lg-2 h-px-md-2 h-px-2 v-inner-lg-2 v-inner-md-2 v-inner-2 style-558 style-local-18-c14 position-relative\">\r\n              <!---->\r\n              <!---->\r\n              <div class=\"w-100 h-y-container h-column__content h-column__v-align flex-basis-100 align-self-lg-start align-self-md-start align-self-start\">\r\n                <!---->\r\n                <div data-colibri-id=\"18-c15\" class=\"h-text h-text-component style-556 style-local-18-c15 position-relative h-element\">\r\n                  <!---->\r\n                  <!---->\r\n                  <div class=\"\">\r\n                    <p>Zobacz co dostajesz w pakiecie wybieraj\u0105c Imprezyprywatne.pl na twoj\u0105 studn\u00f3wk\u0119:<\/p>\r\n                  <\/div>\r\n                <\/div>\r\n              <\/div>\r\n            <\/div>\r\n          <\/div>\r\n        <\/div>\r\n      <\/div>\r\n      <div data-colibri-id=\"18-c16\" class=\"h-row-container gutters-row-lg-0 gutters-row-md-0 gutters-row-2 gutters-row-v-lg-0 gutters-row-v-md-0 gutters-row-v-2 style-548 style-local-18-c16 position-relative\">\r\n        <!---->\r\n        <div class=\"h-row justify-content-lg-center justify-content-md-center justify-content-center align-items-lg-stretch align-items-md-stretch align-items-stretch gutters-col-lg-0 gutters-col-md-0 gutters-col-2 gutters-col-v-lg-0 gutters-col-v-md-0 gutters-col-v-2\">\r\n          <!---->\r\n          <div class=\"h-column h-column-container d-flex h-col-lg-3 h-col-md-3 h-col-12 style-549-outer style-local-18-c17-outer\">\r\n            <div data-colibri-id=\"18-c17\" class=\"d-flex h-flex-basis h-column__inner h-px-lg-3 h-px-md-3 h-px-2 v-inner-lg-3 v-inner-md-3 v-inner-2 style-549 style-local-18-c17 position-relative\">\r\n              <!---->\r\n              <!---->\r\n              <div class=\"w-100 h-y-container h-column__content h-column__v-align flex-basis-100 align-self-lg-start align-self-md-start align-self-start\">\r\n                <!---->\r\n                <div data-colibri-id=\"18-c18\" class=\"h-icon style-550 style-local-18-c18 position-relative h-element\">\r\n                  <!----><span class=\"h-svg-icon h-icon__icon style-550-icon style-local-18-c18-icon\"><!--Icon by Font Awesome (https:\/\/fontawesome.com)-->\r\n    <svg version=\"1.1\" xmlns=\"http:\/\/www.w3.org\/2000\/svg\" xmlns:xlink=\"http:\/\/www.w3.org\/1999\/xlink\" id=\"music\" viewBox=\"0 0 1536 1896.0833\">\r\n      <path d=\"M1536 224v1120q0 50-34 89t-86 60.5-103.5 32-96.5 10.5-96.5-10.5-103.5-32-86-60.5-34-89 34-89 86-60.5 103.5-32 96.5-10.5q105 0 192 39V654L640 891v709q0 50-34 89t-86 60.5-103.5 32T320 1792t-96.5-10.5-103.5-32-86-60.5-34-89 34-89 86-60.5 103.5-32T320 1408q105 0 192 39V480q0-31 19-56.5t49-35.5l832-256q12-4 28-4 40 0 68 28t28 68z\"><\/path>\r\n    <\/svg><\/span><\/div>\r\n                <div data-colibri-id=\"18-c19\" class=\"h-global-transition-all h-heading style-551 style-local-18-c19 position-relative h-element\">\r\n                  <!---->\r\n                  <div class=\"h-heading__outer style-551 style-local-18-c19\">\r\n                    <!---->\r\n                    <!---->\r\n                    <h5 class=\"\">playlista<\/h5>\r\n                  <\/div>\r\n                <\/div>\r\n                <div data-colibri-id=\"18-c20\" class=\"h-text h-text-component style-552 style-local-18-c20 position-relative h-element\">\r\n                  <!---->\r\n                  <!---->\r\n                  <div class=\"\">\r\n                    <p>&#8211; Gramy wasz\u0105 muzyk\u0119, kt\u00f3ra chcecie na playli\u015bcie <span style=\"color: rgb(153, 153, 153); font-family: &quot;Didact Gothic&quot;; font-size: 16px; font-weight: 400;\">spotify lub Youtube&nbsp;<\/span><\/p>\r\n                    <p>do 100utwor\u00f3w na wiecz\u00f3r.<\/p>\r\n                  <\/div>\r\n                <\/div>\r\n              <\/div>\r\n            <\/div>\r\n          <\/div>\r\n          <div class=\"h-column h-column-container d-flex h-col-lg-3 h-col-md-3 h-col-12 style-549-outer style-local-18-c21-outer\">\r\n            <div data-colibri-id=\"18-c21\" class=\"d-flex h-flex-basis h-column__inner h-px-lg-3 h-px-md-3 h-px-2 v-inner-lg-3 v-inner-md-3 v-inner-2 style-549 style-local-18-c21 position-relative\">\r\n              <!---->\r\n              <!---->\r\n              <div class=\"w-100 h-y-container h-column__content h-column__v-align flex-basis-100 align-self-lg-start align-self-md-start align-self-start\">\r\n                <!---->\r\n                <div data-colibri-id=\"18-c22\" class=\"h-icon style-550 style-local-18-c22 position-relative h-element\">\r\n                  <!----><span class=\"h-svg-icon h-icon__icon style-550-icon style-local-18-c22-icon\"><!--Icon by Font Awesome (https:\/\/fontawesome.com)-->\r\n    <svg version=\"1.1\" xmlns=\"http:\/\/www.w3.org\/2000\/svg\" xmlns:xlink=\"http:\/\/www.w3.org\/1999\/xlink\" id=\"thumbs-o-up\" viewBox=\"0 0 1536 1896.0833\">\r\n      <path d=\"M256 1344q0-26-19-45t-45-19-45 19-19 45 19 45 45 19 45-19 19-45zm1152-576q0-51-39-89.5t-89-38.5H928q0-58 48-159.5t48-160.5q0-98-32-145t-128-47q-26 26-38 85t-30.5 125.5T736 448q-22 23-77 91-4 5-23 30t-31.5 41-34.5 42.5-40 44-38.5 35.5-40 27-35.5 9h-32v640h32q13 0 31.5 3t33 6.5 38 11 35 11.5 35.5 12.5 29 10.5q211 73 342 73h121q192 0 192-167 0-26-5-56 30-16 47.5-52.5t17.5-73.5-18-69q53-50 53-119 0-25-10-55.5t-25-47.5q32-1 53.5-47t21.5-81zm128-1q0 89-49 163 9 33 9 69 0 77-38 144 3 21 3 43 0 101-60 178 1 139-85 219.5t-227 80.5H960q-96 0-189.5-22.5T554 1576q-116-40-138-40H128q-53 0-90.5-37.5T0 1408V768q0-53 37.5-90.5T128 640h274q36-24 137-155 58-75 107-128 24-25 35.5-85.5T712 145t62-108q39-37 90-37 84 0 151 32.5T1117 134t35 186q0 93-48 192h176q104 0 180 76t76 179z\"><\/path>\r\n    <\/svg><\/span><\/div>\r\n                <div data-colibri-id=\"18-c23\" class=\"h-global-transition-all h-heading style-551 style-local-18-c23 position-relative h-element\">\r\n                  <!---->\r\n                  <div class=\"h-heading__outer style-551 style-local-18-c23\">\r\n                    <!---->\r\n                    <!---->\r\n                    <h5 class=\"\">Prowadzenie zabaw&nbsp;<\/h5>\r\n                  <\/div>\r\n                <\/div>\r\n                <div data-colibri-id=\"18-c24\" class=\"h-text h-text-component style-552 style-local-18-c24 position-relative h-element\">\r\n                  <!---->\r\n                  <!---->\r\n                  <div class=\"\">\r\n                    <p>Konferansjer prowdzi Was od pocz\u0105tku Polonezem i przez ca\u0142y wiecz\u00f3r nakr\u0119ca klimat i energie \u017ceby nikomu jej nie brakowa\u0142o&#8230;.&nbsp;<\/p>\r\n                  <\/div>\r\n                <\/div>\r\n              <\/div>\r\n            <\/div>\r\n          <\/div>\r\n          <div class=\"h-column h-column-container d-flex h-col-lg-3 h-col-md-3 h-col-12 style-549-outer style-local-18-c25-outer\">\r\n            <div data-colibri-id=\"18-c25\" class=\"d-flex h-flex-basis h-column__inner h-px-lg-3 h-px-md-3 h-px-2 v-inner-lg-3 v-inner-md-3 v-inner-2 style-549 style-local-18-c25 position-relative\">\r\n              <!---->\r\n              <!---->\r\n              <div class=\"w-100 h-y-container h-column__content h-column__v-align flex-basis-100 align-self-lg-start align-self-md-start align-self-start\">\r\n                <!---->\r\n                <div data-colibri-id=\"18-c26\" class=\"h-icon style-550 style-local-18-c26 position-relative h-element\">\r\n                  <!----><span class=\"h-svg-icon h-icon__icon style-550-icon style-local-18-c26-icon\"><!--Icon by Font Awesome (https:\/\/fontawesome.com)-->\r\n    <svg version=\"1.1\" xmlns=\"http:\/\/www.w3.org\/2000\/svg\" xmlns:xlink=\"http:\/\/www.w3.org\/1999\/xlink\" id=\"check\" viewBox=\"0 0 1792 1896.0833\">\r\n      <path d=\"M1671 566q0 40-28 68l-724 724-136 136q-28 28-68 28t-68-28l-136-136-362-362q-28-28-28-68t28-68l136-136q28-28 68-28t68 28l294 295 656-657q28-28 68-28t68 28l136 136q28 28 28 68z\"><\/path>\r\n    <\/svg><\/span><\/div>\r\n                <div data-colibri-id=\"18-c27\" class=\"h-global-transition-all h-heading style-551 style-local-18-c27 position-relative h-element\">\r\n                  <!---->\r\n                  <div class=\"h-heading__outer style-551 style-local-18-c27\">\r\n                    <!---->\r\n                    <!---->\r\n                    <h5 class=\"\">ZABAWA DLA wAS I DLA CA\u0141EGO GRONA NAUCZYCIELI&nbsp;<\/h5>\r\n                  <\/div>\r\n                <\/div>\r\n                <div data-colibri-id=\"18-c28\" class=\"h-text h-text-component style-552 style-local-18-c28 position-relative h-element\">\r\n                  <!---->\r\n                  <!---->\r\n                  <div class=\"\">\r\n                    <p><span style=\"font-weight: 400; font-size: 16px; font-family: &quot;Didact Gothic&quot;; color: rgb(153, 153, 153);\">Prowadzenie zabaw<\/span><\/p>\r\n                    <p><span style=\"font-weight: 400; font-size: 16px; font-family: &quot;Didact Gothic&quot;; color: rgb(153, 153, 153);\">Je\u017celi chcecie chetnie poprowadzimy konkursy&nbsp;<\/span><\/p>\r\n                  <\/div>\r\n                <\/div>\r\n              <\/div>\r\n            <\/div>\r\n          <\/div>\r\n          <div class=\"h-column h-column-container d-flex h-col-lg-3 h-col-md-3 h-col-12 style-555-outer style-local-18-c29-outer\">\r\n            <div data-colibri-id=\"18-c29\" class=\"d-flex h-flex-basis h-column__inner h-px-lg-2 h-px-md-2 h-px-2 v-inner-lg-2 v-inner-md-2 v-inner-2 style-555 style-local-18-c29 position-relative\">\r\n              <!---->\r\n              <!---->\r\n              <div class=\"w-100 h-y-container h-column__content h-column__v-align flex-basis-100 align-self-lg-start align-self-md-start align-self-start\">\r\n                <!---->\r\n                <div data-colibri-id=\"18-c30\" class=\"h-icon style-563 style-local-18-c30 position-relative h-element\">\r\n                  <!----><span class=\"h-svg-icon h-icon__icon style-563-icon style-local-18-c30-icon\"><!--Icon by Font Awesome (https:\/\/fontawesome.com)-->\r\n    <svg version=\"1.1\" xmlns=\"http:\/\/www.w3.org\/2000\/svg\" xmlns:xlink=\"http:\/\/www.w3.org\/1999\/xlink\" id=\"star\" viewBox=\"0 0 1664 1896.0833\">\r\n      <path d=\"M1664 647q0 22-26 48l-363 354 86 500q1 7 1 20 0 21-10.5 35.5T1321 1619q-19 0-40-12l-449-236-449 236q-22 12-40 12-21 0-31.5-14.5T301 1569q0-6 2-20l86-500L25 695Q0 668 0 647q0-37 56-46l502-73L783 73q19-41 49-41t49 41l225 455 502 73q56 9 56 46z\"><\/path>\r\n    <\/svg><\/span><\/div>\r\n                <div data-colibri-id=\"18-c31\" class=\"h-x-container style-560 style-local-18-c31 position-relative h-element\">\r\n                  <!---->\r\n                  <div class=\"h-x-container-inner style-dynamic-18-c31-group style-560-spacing style-local-18-c31-spacing\"><span class=\"h-button__outer style-561-outer style-local-18-c32-outer d-inline-flex h-element\"><a h-use-smooth-scroll=\"true\" href=\"\"  data-colibri-id=\"18-c32\" class=\"d-flex w-100 align-items-center h-button justify-content-lg-center justify-content-md-center justify-content-center style-561 style-local-18-c32 position-relative\"><!----><!----> <span>Belgijka <\/span><\/a>\r\n                    <\/span>\r\n                  <\/div>\r\n                <\/div>\r\n                <div data-colibri-id=\"18-c33\" class=\"h-x-container style-569 style-local-18-c33 position-relative h-element\">\r\n                  <!---->\r\n                  <div class=\"h-x-container-inner style-dynamic-18-c33-group style-569-spacing style-local-18-c33-spacing\"><span class=\"h-button__outer style-570-outer style-local-18-c34-outer d-inline-flex h-element\"><a h-use-smooth-scroll=\"true\" href=\"\"  data-colibri-id=\"18-c34\" class=\"d-flex w-100 align-items-center h-button justify-content-lg-center justify-content-md-center justify-content-center style-570 style-local-18-c34 position-relative\"><!----><!----> <span>Jaka to melodia <\/span><\/a>\r\n                    <\/span>\r\n                  <\/div>\r\n                <\/div>\r\n                <div data-colibri-id=\"18-c35\" class=\"h-x-container style-571 style-local-18-c35 position-relative h-element\">\r\n                  <!---->\r\n                  <div class=\"h-x-container-inner style-dynamic-18-c35-group style-571-spacing style-local-18-c35-spacing\"><span class=\"h-button__outer style-572-outer style-local-18-c36-outer d-inline-flex h-element\"><a h-use-smooth-scroll=\"true\" href=\"\"  data-colibri-id=\"18-c36\" class=\"d-flex w-100 align-items-center h-button justify-content-lg-center justify-content-md-center justify-content-center style-572 style-local-18-c36 position-relative\"><!----><!----> <span>POJEDYNEK TANECZNY GIRLS VS. MEN<\/span><\/a>\r\n                    <\/span>\r\n                  <\/div>\r\n                <\/div>\r\n                <div data-colibri-id=\"18-c37\" class=\"h-x-container style-564 style-local-18-c37 position-relative h-element\">\r\n                  <!---->\r\n                  <div class=\"h-x-container-inner style-dynamic-18-c37-group style-564-spacing style-local-18-c37-spacing\"><span class=\"h-link__outer style-565-outer style-local-18-c38-outer d-inline-flex h-element\"><a h-use-smooth-scroll=\"true\" href=\"\"  data-colibri-id=\"18-c38\" class=\"d-flex w-100 align-items-center h-link style-565 style-local-18-c38 position-relative\"><!----><!----> <span>You tube <\/span><\/a>\r\n                    <\/span>\r\n                  <\/div>\r\n                <\/div>\r\n                <div data-colibri-id=\"18-c39\" class=\"h-text h-text-component style-559 style-local-18-c39 position-relative h-element\">\r\n                  <!---->\r\n                  <!---->\r\n                  <div class=\"\">\r\n                    <p>L Viderer feugiat at pro, mea aperiam<\/p>\r\n                  <\/div>\r\n                <\/div>\r\n              <\/div>\r\n            <\/div>\r\n          <\/div>\r\n        <\/div>\r\n      <\/div>\r\n    <\/div>\r\n  <\/div>\r\n<\/div>","protected":false},"excerpt":{"rendered":"<p>MUZYKA DOPASOWANA DO IMPREZY Ball Absolutoryjny &nbsp;&nbsp;Studni\u00f3wka Urodziny Je\u015bli szukasz osoby, kt\u00f3ra sprawi, [&hellip;]<\/p>\n","protected":false},"author":1,"featured_media":0,"parent":0,"menu_order":0,"comment_status":"closed","ping_status":"closed","template":"page-templates\/full-width-page.php","meta":{"footnotes":""},"class_list":["post-18","page","type-page","status-publish","hentry"],"_links":{"self":[{"href":"https:\/\/imprezyprywatne.pl\/index.php\/wp-json\/wp\/v2\/pages\/18","targetHints":{"allow":["GET"]}}],"collection":[{"href":"https:\/\/imprezyprywatne.pl\/index.php\/wp-json\/wp\/v2\/pages"}],"about":[{"href":"https:\/\/imprezyprywatne.pl\/index.php\/wp-json\/wp\/v2\/types\/page"}],"author":[{"embeddable":true,"href":"https:\/\/imprezyprywatne.pl\/index.php\/wp-json\/wp\/v2\/users\/1"}],"replies":[{"embeddable":true,"href":"https:\/\/imprezyprywatne.pl\/index.php\/wp-json\/wp\/v2\/comments?post=18"}],"version-history":[{"count":19,"href":"https:\/\/imprezyprywatne.pl\/index.php\/wp-json\/wp\/v2\/pages\/18\/revisions"}],"predecessor-version":[{"id":1519,"href":"https:\/\/imprezyprywatne.pl\/index.php\/wp-json\/wp\/v2\/pages\/18\/revisions\/1519"}],"wp:attachment":[{"href":"https:\/\/imprezyprywatne.pl\/index.php\/wp-json\/wp\/v2\/media?parent=18"}],"curies":[{"name":"wp","href":"https:\/\/api.w.org\/{rel}","templated":true}]}}